t is the ten thousands digit of 236089?
3
What is the tens digit of 6039899?
9
What is the units digit of 116068?
8
What is the units digit of 488312?
2
What is the thousands digit of 5997133?
7
What is the hundreds digit of 1759591?
5
What is the ten millions digit of 10934491?
1
What is the units digit of 1785580?
0
What is the units digit of 350806?
6
What is the ten thousands digit of 527459?
2
What is the units digit of 463204?
4
What is the tens digit of 399275?
7
What is the hundreds digit of 1360001?
0
What is the tens digit of 8082072?
7
What is the millions digit of 1625190?
1
What is the tens digit of 837838?
3
What is the thousands digit of 35005?
5
What is the hundreds digit of 2953059?
0
What is the units digit of 234652?
2
What is the units digit of 14017610?
0
What is the hundreds digit of 711452?
4
What is the units digit of 3159405?
5
What is the units digit of 12812278?
8
What is the ten thousands digit of 705272?
0
What is the tens digit of 132460?
6
What is the thousands digit of 11218947?
8
What is the units digit of 405979?
9
What is the thousands digit of 250385?
0
What is the thousands digit of 4072609?
2
What is the hundreds digit of 6785439?
4
What is the hundreds digit of 6226280?
2
What is the ten thousands digit of 11366629?
6
What is the millions digit of 9504768?
9
What is the hundred thousands digit of 2800248?
8
What is the thousands digit of 333848?
3
What is the hundreds digit of 2766366?
3
What is the thousands digit of 801899?
1
What is the tens digit of 8349228?
2
What is the thousands digit of 7786947?
6
What is the hundred thousands digit of 501460?
5
What is the millions digit of 1042869?
1
What is the units digit of 2617979?
9
What is the hundreds digit of 527264?
2
What is the millions digit of 2368011?
2
What is the ten thousands digit of 842374?
4
What is the ten thousands digit of 135502?
3
What is the tens digit of 1397403?
0
What is the millions digit of 20073917?
0
What is the thousands digit of 207527?
7
What is the ten millions digit of 12652860?
1
What is the hundreds digit of 576752?
7
What is the tens digit of 9783748?
4
What is the ten thousands digit of 541495?
4
What is the tens digit of 3905430?
3
What is the thousands digit of 25039612?
9
What is the thousands digit of 550462?
0
What is the millions digit of 1293316?
1
What is the millions digit of 8422495?
8
What is the ten thousands digit of 257830?
5
What is the thousands digit of 507349?
7
What is the hundred thousands digit of 605538?
6
What is the units digit of 66668?
8
What is the ten thousands digit of 8922601?
2
What is the millions digit of 16934673?
6
What is the ten thousands digit of 2736788?
3
What is the thousands digit of 69515?
9
What is the thousands digit of 13672088?
2
What is the hundreds digit of 5029077?
0
What is the units digit of 9652611?
1
What is the hundreds digit of 10407631?
6
What is the ten thousands digit of 3040473?
4
What is the ten thousands digit of 3190797?
9
What is the hundreds digit of 347?
3
What is the ten thousands digit of 1202524?
0
What is the units digit of 968309?
9
What is the ten thousands digit of 162974?
6
What is the ten thousands digit of 788742?
8
What is the millions digit of 8885268?
8
What is the units digit of 474740?
0
What is the hundred thousands digit of 1066979?
0
What is the hundreds digit of 746858?
8
What is the thousands digit of 2073306?
3
What is the tens digit of 902270?
7
What is the ten thousands digit of 266236?
6
What is the millions digit of 7113566?
7
What is the units digit of 4200967?
7
What is the hundreds digit of 970250?
2
What is the tens digit of 144288?
8
What is the tens digit of 5047718?
1
What is the millions digit of 4943674?
4
What is the ten thousands digit of 652347?
5
What is the hundreds digit of 89023?
0
What is the tens digit of 2971336?
3
What is the hundreds digit of 613280?
2
What is the ten thousands digit of 2320501?
2
What is the ten thousands digit of 959616?
5
What is the thousands digit of 372217?
2
What is the tens digit of 316396?
9
What is the tens digit of 7377292?
9
What is the hundreds digit of 10157842?
8
What is the hundreds digit of 5764751?
7
What is the units digit of 196455?
5
What is the ten thousands digit of 4633149?
3
What is the hundreds digit of 1128249?
2
What is the thousands digit of 162371?
2
What is the tens digit of 9083465?
6
What is the tens digit of 112514?
1
What is the tens digit of 3885781?
8
What is the hundred thousands digit of 119403?
1
What is the hundred thousands digit of 17669393?
6
What is the hundreds digit of 4148847?
8
What is the units digit of 72484?
4
What is the ten thousands digit of 1089626?
8
What is the ten thousands digit of 4821409?
2
What is the millions digit of 3008168?
3
What is the ten thousands digit of 318467?
1
What is the thousands digit of 10404059?
4
What is the hundred thousands digit of 2094968?
0
What is the ten thousands digit of 5263382?
6
What is the ten thousands digit of 11721328?
2
What is the units digit of 60725?
5
What is the units digit of 4258765?
5
What is the units digit of 1820061?
1
What is the units digit of 28300515?
5
What is the millions digit of 18462851?
8
What is the ten thousands digit of 303445?
0
What is the hundreds digit of 956514?
5
What is the thousands digit of 2072004?
2
What is the millions digit of 3059397?
3
What is the hundred thousands digit of 187101?
1
What is the units digit of 418352?
2
What is the millions digit of 14103741?
4
What is the hundred thousands digit of 267819?
2
What is the hundreds digit of 245994?
9
What is the tens digit of 243171?
7
What is the ten thousands digit of 8805060?
0
What is the thousands digit of 987494?
7
What is the tens digit of 69688?
8
What is the millions digit of 4067137?
4
What is the ten thousands digit of 279378?
7
What is the millions digit of 2886466?
2
What is the tens digit of 715746?
4
What is the units digit of 286728?
8
What is the hundreds digit of 301105?
1
What is the thousands digit of 5957116?
7
What is the millions digit of 1321841?
1
What is the hundreds digit of 77761?
7
What is the ten thousands digit of 24476677?
7
What is the hundreds digit of 32888?
8
What is the ten thousands digit of 197302?
9
What is the ten thousands digit of 19163?
1
What is the millions digit of 1361649?
1
What is the hundred thousands digit of 122150?
1
What is the ten thousands digit of 689616?
8
What is the thousands digit of 15201611?
1
What is the hundred thousands digit of 244388?
2
What is the hundreds digit of 56828?
8
What is the ten thousands digit of 32534333?
3
What is the units digit of 19526066?
6
What is the units digit of 652604?
4
What is the hundred thousands digit of 14962458?
9
What is the ten thousands digit of 8040920?
4
What is the hundreds digit of 12358718?
7
What is the thousands digit of 899971?
9
What is the tens digit of 1981073?
7
What is the tens digit of 1444605?
0
What is the tens digit of 1538135?
3
What is the hundred thousands digit of 591956?
5
What is the ten thousands digit of 18308?
1
What is the units digit of 532058?
8
What is the tens digit of 95547?
4
What is the hundred thousands digit of 587410?
5
What is the thousands digit of 76903?
6
What is the tens digit of 3985950?
5
What is the hundreds digit of 212266?
2
What is the hundred thousands digit of 41900819?
9
What is the hundred thousands digit of 4491736?
4
What is the tens digit of 2385115?
1
What is the units digit of 1955778?
8
What is the units digit of 1948157?
7
What is the tens digit of 52263?
6
What is the thousands digit of 247571?
7
What is the hundred thousands digit of 1613269?
6
What is the hundreds digit of 2305337?
3
What is the units digit of 30465?
5
What is the ten thousands digit of 44507?
4
What is the hundreds digit of 6230542?
5
What is the hundreds digit of 33871862?
8
What is the tens digit of 430959?
5
What is the ten millions digit of 18192389?
1
What is the thousands digit of 29978070?
8
What is the units digit of 800592?
2
What is the thousands digit of 229150?
9
What is the units digit of 18512326?
6
What is the millions digit of 5804490?
5
What is the units digit of 8242969?
9
What is the ten thousands digit of 261660?
6
What is the thousands digit of 1461149?
